{"id":9090,"date":"2021-10-15T09:02:48","date_gmt":"2021-10-15T07:02:48","guid":{"rendered":"https:\/\/dev.marina.hr\/wp58\/?page_id=9090"},"modified":"2026-02-11T14:51:39","modified_gmt":"2026-02-11T13:51:39","slug":"sprjecavanje-sukoba-interesa","status":"publish","type":"page","link":"https:\/\/dev.marina.hr\/wp58\/javna-nabava\/sprjecavanje-sukoba-interesa\/","title":{"rendered":"Sprje\u010davanje sukoba interesa"},"content":{"rendered":"\t\t<div data-elementor-type=\"wp-page\" data-elementor-id=\"9090\" class=\"elementor elementor-9090\" data-elementor-post-type=\"page\">\n\t\t\t\t<div class=\"elementor-element elementor-element-2298590 e-flex e-con-boxed e-con e-parent\" data-id=\"2298590\" data-element_type=\"container\" data-e-type=\"container\" data-settings=\"{&quot;background_background&quot;:&quot;classic&quot;}\">\n\t\t\t\t\t<div class=\"e-con-inner\">\n\t\t\t\t<div class=\"elementor-element elementor-element-82ad54b elementor-widget__width-initial elementor-widget elementor-widget-heading\" data-id=\"82ad54b\" data-element_type=\"widget\" data-e-type=\"widget\" data-widget_type=\"heading.default\">\n\t\t\t\t<div class=\"elementor-widget-container\">\n\t\t\t\t\t<h2 class=\"elementor-heading-title elementor-size-default\">Sprje\u010davanje sukoba interesa\n<\/h2>\t\t\t\t<\/div>\n\t\t\t\t<\/div>\n\t\t\t\t\t<\/div>\n\t\t\t\t<\/div>\n\t\t<div class=\"elementor-element elementor-element-7aadacb e-flex e-con-boxed e-con e-parent\" data-id=\"7aadacb\" data-element_type=\"container\" data-e-type=\"container\">\n\t\t\t\t\t<div class=\"e-con-inner\">\n\t\t\t\t<div class=\"elementor-element elementor-element-677e543 elementor-widget elementor-widget-html\" data-id=\"677e543\" data-element_type=\"widget\" data-e-type=\"widget\" data-widget_type=\"html.default\">\n\t\t\t\t<div class=\"elementor-widget-container\">\n\t\t\t\t\t<nav aria-label=\"breadcrumbs\" class=\"rank-math-breadcrumb\"><p><span class=\"label\">Vi ste ovdje \u2192<\/span> <span class=\"last\">Po\u010detna<\/span><\/p><\/nav>\t\t\t\t<\/div>\n\t\t\t\t<\/div>\n\t\t\t\t<div class=\"elementor-element elementor-element-7504bec elementor-widget elementor-widget-text-editor\" data-id=\"7504bec\" data-element_type=\"widget\" data-e-type=\"widget\" data-widget_type=\"text-editor.default\">\n\t\t\t\t<div class=\"elementor-widget-container\">\n\t\t\t\t\t\t\t\t\t<h3><strong>\u010clanak 75. \u2013 83.\u00a0<a class=\"red\" href=\"http:\/\/www.javnanabava.hr\/default.aspx?id=3414\" target=\"_blank\" rel=\"noopener\">Zakona o javnoj nabavi<\/a>, NN 120\/16 (ZJN 2016)<\/strong><\/h3>\nSukladno \u010dlanku 80. stavcima 1. i 2. to\u010dka 1. Zakona o javnoj nabavi (\u201eNarodne novine\u201d broj 120\/16) Op\u0107ina Marina kao javni naru\u010ditelj objavljuje gospodarske subjekte sa kojima su predstavnici naru\u010ditelja \u2013 na\u010delnik te s njima povezane osobe u sukobu interesa.\n\n<strong>Radi sprje\u010davanja sukoba interesa<\/strong>, temeljem Zakona o javnoj nabavi javni naru\u010ditelji obavezni su objaviti\u00a0<strong>popis gospodarskih subjekata<\/strong>\u00a0s kojima su predstavnici javnog tijela u odre\u0111enom odnosu koji se smatra sukobom interesa.\n\n<strong>Op\u0107ina Marina kao javni naru\u010ditelj objavljuje da nema gospodarskih subjekata s kojima su predstavnici naru\u010ditelja \u2013 na\u010delnik i zamjenik na\u010delnika te s njima povezane osobe \u2013 u sukobu interesa.<\/strong>\t\t\t\t\t\t\t\t<\/div>\n\t\t\t\t<\/div>\n\t\t\t\t\t<\/div>\n\t\t\t\t<\/div>\n\t\t\t\t<\/div>\n\t\t","protected":false},"excerpt":{"rendered":"<p>Sprje\u010davanje sukoba interesa \u010clanak 75. \u2013 83.\u00a0Zakona o javnoj nabavi, NN 120\/16 (ZJN 2016) Sukladno \u010dlanku 80. stavcima 1. i 2. to\u010dka 1. Zakona o javnoj nabavi (\u201eNarodne novine\u201d broj 120\/16) Op\u0107ina Marina kao javni naru\u010ditelj objavljuje gospodarske subjekte sa kojima su predstavnici naru\u010ditelja \u2013 na\u010delnik te s njima povezane osobe u sukobu interesa. Radi [&hellip;]<\/p>\n","protected":false},"author":5,"featured_media":0,"parent":5027,"menu_order":100,"comment_status":"closed","ping_status":"closed","template":"","meta":{"footnotes":""},"class_list":["post-9090","page","type-page","status-publish","hentry"],"_links":{"self":[{"href":"https:\/\/dev.marina.hr\/wp58\/wp-json\/wp\/v2\/pages\/9090","targetHints":{"allow":["GET"]}}],"collection":[{"href":"https:\/\/dev.marina.hr\/wp58\/wp-json\/wp\/v2\/pages"}],"about":[{"href":"https:\/\/dev.marina.hr\/wp58\/wp-json\/wp\/v2\/types\/page"}],"author":[{"embeddable":true,"href":"https:\/\/dev.marina.hr\/wp58\/wp-json\/wp\/v2\/users\/5"}],"replies":[{"embeddable":true,"href":"https:\/\/dev.marina.hr\/wp58\/wp-json\/wp\/v2\/comments?post=9090"}],"version-history":[{"count":15,"href":"https:\/\/dev.marina.hr\/wp58\/wp-json\/wp\/v2\/pages\/9090\/revisions"}],"predecessor-version":[{"id":15243,"href":"https:\/\/dev.marina.hr\/wp58\/wp-json\/wp\/v2\/pages\/9090\/revisions\/15243"}],"up":[{"embeddable":true,"href":"https:\/\/dev.marina.hr\/wp58\/wp-json\/wp\/v2\/pages\/5027"}],"wp:attachment":[{"href":"https:\/\/dev.marina.hr\/wp58\/wp-json\/wp\/v2\/media?parent=9090"}],"curies":[{"name":"wp","href":"https:\/\/api.w.org\/{rel}","templated":true}]}}